{"id":6866,"date":"2021-08-30T18:38:42","date_gmt":"2021-08-30T16:38:42","guid":{"rendered":"http:\/\/cc-hsam.fr\/?page_id=6866"},"modified":"2022-02-15T16:07:04","modified_gmt":"2022-02-15T15:07:04","slug":"lintercommunalite-2","status":"publish","type":"page","link":"https:\/\/cc-hsam.fr\/index.php\/lintercommunalite-2\/","title":{"rendered":"L&#8217;intercommunalit\u00e9"},"content":{"rendered":"\t\t<div data-elementor-type=\"wp-page\" data-elementor-id=\"6866\" class=\"elementor elementor-6866\" data-elementor-settings=\"[]\">\n\t\t\t\t\t\t\t<div class=\"elementor-section-wrap\">\n\t\t\t\t\t\t\t<section class=\"elementor-section elementor-top-section elementor-element elementor-element-b2d2aac elementor-section-full_width elementor-section-height-default elementor-section-height-default\" data-id=\"b2d2aac\" data-element_type=\"section\">\n\t\t\t\t\t\t<div class=\"elementor-container elementor-column-gap-default\">\n\t\t\t\t\t<div class=\"elementor-column elementor-col-100 elementor-top-column elementor-element elementor-element-3e900a3\" data-id=\"3e900a3\" data-element_type=\"column\">\n\t\t\t<div class=\"elementor-widget-wrap elementor-element-populated\">\n\t\t\t\t\t\t\t\t<div class=\"elementor-element elementor-element-8ef87ab elementor-widget elementor-widget-spacer\" data-id=\"8ef87ab\" data-element_type=\"widget\" data-widget_type=\"spacer.default\">\n\t\t\t\t<div class=\"elementor-widget-container\">\n\t\t\t\t\t<div class=\"elementor-spacer\">\n\t\t\t<div class=\"elementor-spacer-inner\"><\/div>\n\t\t<\/div>\n\t\t\t\t<\/div>\n\t\t\t\t<\/div>\n\t\t\t\t<div class=\"elementor-element elementor-element-ce8ea30 elementor-widget elementor-widget-heading\" data-id=\"ce8ea30\" data-element_type=\"widget\" data-widget_type=\"heading.default\">\n\t\t\t\t<div class=\"elementor-widget-container\">\n\t\t\t<h1 class=\"elementor-heading-title elementor-size-large\">L'intercommunalit\u00e9<\/h1>\t\t<\/div>\n\t\t\t\t<\/div>\n\t\t\t\t<div class=\"elementor-element elementor-element-0f7bc36 elementor-widget-divider--view-line elementor-widget elementor-widget-divider\" data-id=\"0f7bc36\" data-element_type=\"widget\" data-widget_type=\"divider.default\">\n\t\t\t\t<div class=\"elementor-widget-container\">\n\t\t\t\t\t<div class=\"elementor-divider\">\n\t\t\t<span class=\"elementor-divider-separator\">\n\t\t\t\t\t\t<\/span>\n\t\t<\/div>\n\t\t\t\t<\/div>\n\t\t\t\t<\/div>\n\t\t\t\t<section class=\"elementor-section elementor-inner-section elementor-element elementor-element-wetlkxn elementor-section-full_width elementor-section-height-default elementor-section-height-default\" data-id=\"wetlkxn\" data-element_type=\"section\">\n\t\t\t\t\t\t<div class=\"elementor-container elementor-column-gap-default\">\n\t\t\t\t\t<div class=\"elementor-column elementor-col-33 elementor-inner-column elementor-element elementor-element-oiqxoym\" data-id=\"oiqxoym\" data-element_type=\"column\">\n\t\t\t<div class=\"elementor-widget-wrap elementor-element-populated\">\n\t\t\t\t\t\t\t\t<div class=\"elementor-element elementor-element-cxcmpdt elementor-widget elementor-widget-image\" data-id=\"cxcmpdt\" data-element_type=\"widget\" data-widget_type=\"image.default\">\n\t\t\t\t<div class=\"elementor-widget-container\">\n\t\t\t\t\t\t\t\t\t\t\t\t\t\t\t\t<a href=\"http:\/\/cc-hsam.fr\/index.php\/lintercommunalite\/\">\n\t\t\t\t\t\t\t<img decoding=\"async\" src=\"https:\/\/cc-hsam.fr\/wp-content\/uploads\/2021\/07\/MARTIN-Copie.jpg\" title=\"MARTIN &#8211; Copie\" alt=\"M. Martin\" \/>\t\t\t\t\t\t\t\t<\/a>\n\t\t\t\t\t\t\t\t\t\t\t\t\t\t\t<\/div>\n\t\t\t\t<\/div>\n\t\t\t\t<div class=\"elementor-element elementor-element-afcmldk elementor-widget elementor-widget-heading\" data-id=\"afcmldk\" data-element_type=\"widget\" data-widget_type=\"heading.default\">\n\t\t\t\t<div class=\"elementor-widget-container\">\n\t\t\t<h2 class=\"elementor-heading-title elementor-size-default\"><a href=\"http:\/\/cc-hsam.fr\/index.php\/lintercommunalite\/\">Mot du Pr\u00e9sident<\/a><\/h2>\t\t<\/div>\n\t\t\t\t<\/div>\n\t\t\t\t\t<\/div>\n\t\t<\/div>\n\t\t\t\t<div class=\"elementor-column elementor-col-33 elementor-inner-column elementor-element elementor-element-vupdgst\" data-id=\"vupdgst\" data-element_type=\"column\">\n\t\t\t<div class=\"elementor-widget-wrap elementor-element-populated\">\n\t\t\t\t\t\t\t\t<div class=\"elementor-element elementor-element-klptxbr elementor-widget elementor-widget-image\" data-id=\"klptxbr\" data-element_type=\"widget\" data-widget_type=\"image.default\">\n\t\t\t\t<div class=\"elementor-widget-container\">\n\t\t\t\t\t\t\t\t\t\t\t\t\t\t\t\t<a href=\"http:\/\/cc-hsam.fr\/index.php\/territoire\/\">\n\t\t\t\t\t\t\t<img decoding=\"async\" src=\"https:\/\/cc-hsam.fr\/wp-content\/uploads\/2021\/08\/carte-moulin-le-carbonnel.jpg\" title=\"carte moulin le carbonnel\" alt=\"Carte de Moulins-le-Carbonnel\" \/>\t\t\t\t\t\t\t\t<\/a>\n\t\t\t\t\t\t\t\t\t\t\t\t\t\t\t<\/div>\n\t\t\t\t<\/div>\n\t\t\t\t<div class=\"elementor-element elementor-element-ptomfrn elementor-widget elementor-widget-heading\" data-id=\"ptomfrn\" data-element_type=\"widget\" data-widget_type=\"heading.default\">\n\t\t\t\t<div class=\"elementor-widget-container\">\n\t\t\t<h2 class=\"elementor-heading-title elementor-size-default\"><a href=\"http:\/\/cc-hsam.fr\/index.php\/territoire\/\">Territoire<\/a><\/h2>\t\t<\/div>\n\t\t\t\t<\/div>\n\t\t\t\t\t<\/div>\n\t\t<\/div>\n\t\t\t\t<div class=\"elementor-column elementor-col-33 elementor-inner-column elementor-element elementor-element-60aca21\" data-id=\"60aca21\" data-element_type=\"column\">\n\t\t\t<div class=\"elementor-widget-wrap elementor-element-populated\">\n\t\t\t\t\t\t\t\t<div class=\"elementor-element elementor-element-a338a8f elementor-widget elementor-widget-image\" data-id=\"a338a8f\" data-element_type=\"widget\" data-widget_type=\"image.default\">\n\t\t\t\t<div class=\"elementor-widget-container\">\n\t\t\t\t\t\t\t\t\t\t\t\t\t\t\t\t<a href=\"http:\/\/cc-hsam.fr\/index.php\/les-competences\/\">\n\t\t\t\t\t\t\t<img decoding=\"async\" src=\"https:\/\/cc-hsam.fr\/wp-content\/uploads\/2021\/07\/paper-3213924_1920.jpg\" title=\"paper-3213924_1920\" alt=\"aides\" \/>\t\t\t\t\t\t\t\t<\/a>\n\t\t\t\t\t\t\t\t\t\t\t\t\t\t\t<\/div>\n\t\t\t\t<\/div>\n\t\t\t\t<div class=\"elementor-element elementor-element-6d9ee8d elementor-widget elementor-widget-heading\" data-id=\"6d9ee8d\" data-element_type=\"widget\" data-widget_type=\"heading.default\">\n\t\t\t\t<div class=\"elementor-widget-container\">\n\t\t\t<h2 class=\"elementor-heading-title elementor-size-default\"><a href=\"http:\/\/cc-hsam.fr\/index.php\/les-competences\/\">Comp\u00e9tences CCHSAM<\/a><\/h2>\t\t<\/div>\n\t\t\t\t<\/div>\n\t\t\t\t\t<\/div>\n\t\t<\/div>\n\t\t\t\t\t\t\t<\/div>\n\t\t<\/section>\n\t\t\t\t<div class=\"elementor-element elementor-element-e666094 elementor-widget elementor-widget-spacer\" data-id=\"e666094\" data-element_type=\"widget\" data-widget_type=\"spacer.default\">\n\t\t\t\t<div class=\"elementor-widget-container\">\n\t\t\t\t\t<div class=\"elementor-spacer\">\n\t\t\t<div class=\"elementor-spacer-inner\"><\/div>\n\t\t<\/div>\n\t\t\t\t<\/div>\n\t\t\t\t<\/div>\n\t\t\t\t\t<\/div>\n\t\t<\/div>\n\t\t\t\t\t\t\t<\/div>\n\t\t<\/section>\n\t\t\t\t<section class=\"elementor-section elementor-top-section elementor-element elementor-element-f407e81 elementor-section-boxed elementor-section-height-default elementor-section-height-default\" data-id=\"f407e81\" data-element_type=\"section\">\n\t\t\t\t\t\t<div class=\"elementor-container elementor-column-gap-default\">\n\t\t\t\t\t<div class=\"elementor-column elementor-col-100 elementor-top-column elementor-element elementor-element-fdc3130\" data-id=\"fdc3130\" data-element_type=\"column\">\n\t\t\t<div class=\"elementor-widget-wrap elementor-element-populated\">\n\t\t\t\t\t\t\t\t<div class=\"elementor-element elementor-element-2e0c0c6 elementor-widget elementor-widget-spacer\" data-id=\"2e0c0c6\" data-element_type=\"widget\" data-widget_type=\"spacer.default\">\n\t\t\t\t<div class=\"elementor-widget-container\">\n\t\t\t\t\t<div class=\"elementor-spacer\">\n\t\t\t<div class=\"elementor-spacer-inner\"><\/div>\n\t\t<\/div>\n\t\t\t\t<\/div>\n\t\t\t\t<\/div>\n\t\t\t\t\t<\/div>\n\t\t<\/div>\n\t\t\t\t\t\t\t<\/div>\n\t\t<\/section>\n\t\t\t\t<section class=\"elementor-section elementor-top-section elementor-element elementor-element-qvwrdcl elementor-section-boxed elementor-section-height-default elementor-section-height-default\" data-id=\"qvwrdcl\" data-element_type=\"section\" data-settings=\"{&quot;background_background&quot;:&quot;classic&quot;}\">\n\t\t\t\t\t\t<div class=\"elementor-container elementor-column-gap-default\">\n\t\t\t\t\t<div class=\"elementor-column elementor-col-50 elementor-top-column elementor-element elementor-element-thaojlb\" data-id=\"thaojlb\" data-element_type=\"column\">\n\t\t\t<div class=\"elementor-widget-wrap elementor-element-populated\">\n\t\t\t\t\t\t\t\t<div class=\"elementor-element elementor-element-772b819 elementor-widget elementor-widget-counter\" data-id=\"772b819\" data-element_type=\"widget\" data-widget_type=\"counter.default\">\n\t\t\t\t<div class=\"elementor-widget-container\">\n\t\t\t\t\t<div class=\"elementor-counter\">\n\t\t\t<div class=\"elementor-counter-number-wrapper\">\n\t\t\t\t<span class=\"elementor-counter-number-prefix\"><\/span>\n\t\t\t\t<span class=\"elementor-counter-number\" data-duration=\"2000\" data-to-value=\"38\" data-from-value=\"0\" data-delimiter=\",\">0<\/span>\n\t\t\t\t<span class=\"elementor-counter-number-suffix\"><\/span>\n\t\t\t<\/div>\n\t\t\t\t\t\t\t<div class=\"elementor-counter-title\">Communes<\/div>\n\t\t\t\t\t<\/div>\n\t\t\t\t<\/div>\n\t\t\t\t<\/div>\n\t\t\t\t\t<\/div>\n\t\t<\/div>\n\t\t\t\t<div class=\"elementor-column elementor-col-50 elementor-top-column elementor-element elementor-element-941c42d\" data-id=\"941c42d\" data-element_type=\"column\">\n\t\t\t<div class=\"elementor-widget-wrap elementor-element-populated\">\n\t\t\t\t\t\t\t\t<div class=\"elementor-element elementor-element-abc99f1 elementor-widget elementor-widget-counter\" data-id=\"abc99f1\" data-element_type=\"widget\" data-widget_type=\"counter.default\">\n\t\t\t\t<div class=\"elementor-widget-container\">\n\t\t\t\t\t<div class=\"elementor-counter\">\n\t\t\t<div class=\"elementor-counter-number-wrapper\">\n\t\t\t\t<span class=\"elementor-counter-number-prefix\"><\/span>\n\t\t\t\t<span class=\"elementor-counter-number\" data-duration=\"2000\" data-to-value=\"23500\" data-from-value=\"0\" data-delimiter=\" \">0<\/span>\n\t\t\t\t<span class=\"elementor-counter-number-suffix\"><\/span>\n\t\t\t<\/div>\n\t\t\t\t\t\t\t<div class=\"elementor-counter-title\">Habitants<\/div>\n\t\t\t\t\t<\/div>\n\t\t\t\t<\/div>\n\t\t\t\t<\/div>\n\t\t\t\t\t<\/div>\n\t\t<\/div>\n\t\t\t\t\t\t\t<\/div>\n\t\t<\/section>\n\t\t\t\t<section class=\"elementor-section elementor-top-section elementor-element elementor-element-b38637c elementor-section-full_width elementor-section-height-default elementor-section-height-default\" data-id=\"b38637c\" data-element_type=\"section\">\n\t\t\t\t\t\t<div class=\"elementor-container elementor-column-gap-default\">\n\t\t\t\t\t<div class=\"elementor-column elementor-col-100 elementor-top-column elementor-element elementor-element-67d6764\" data-id=\"67d6764\" data-element_type=\"column\">\n\t\t\t<div class=\"elementor-widget-wrap elementor-element-populated\">\n\t\t\t\t\t\t\t\t<div class=\"elementor-element elementor-element-d09d05f elementor-widget elementor-widget-spacer\" data-id=\"d09d05f\" data-element_type=\"widget\" data-widget_type=\"spacer.default\">\n\t\t\t\t<div class=\"elementor-widget-container\">\n\t\t\t\t\t<div class=\"elementor-spacer\">\n\t\t\t<div class=\"elementor-spacer-inner\"><\/div>\n\t\t<\/div>\n\t\t\t\t<\/div>\n\t\t\t\t<\/div>\n\t\t\t\t\t<\/div>\n\t\t<\/div>\n\t\t\t\t\t\t\t<\/div>\n\t\t<\/section>\n\t\t\t\t\t\t<\/div>\n\t\t\t\t\t<\/div>\n\t\t","protected":false},"excerpt":{"rendered":"<p>L&#8217;intercommunalit\u00e9 Mot du Pr\u00e9sident Territoire Comp\u00e9tences CCHSAM 0 Communes 0 Habitants<\/p>\n","protected":false},"author":1,"featured_media":0,"parent":0,"menu_order":0,"comment_status":"closed","ping_status":"closed","template":"","meta":{"footnotes":""},"class_list":["post-6866","page","type-page","status-publish","hentry","entry"],"yoast_head":"<!-- This site is optimized with the Yoast SEO plugin v27.4 - https:\/\/yoast.com\/product\/yoast-seo-wordpress\/ -->\n<title>L&#039;intercommunalit\u00e9 - CCHSAM - Bienvenue sur le site officiel<\/title>\n<meta name=\"robots\" content=\"index, follow, max-snippet:-1, max-image-preview:large, max-video-preview:-1\" \/>\n<link rel=\"canonical\" href=\"http:\/\/cc-hsam.fr\/index.php\/lintercommunalite-2\/\" \/>\n<meta property=\"og:locale\" content=\"fr_FR\" \/>\n<meta property=\"og:type\" content=\"article\" \/>\n<meta property=\"og:title\" content=\"L&#039;intercommunalit\u00e9 - CCHSAM - Bienvenue sur le site officiel\" \/>\n<meta property=\"og:description\" content=\"L&#8217;intercommunalit\u00e9 Mot du Pr\u00e9sident Territoire Comp\u00e9tences CCHSAM 0 Communes 0 Habitants\" \/>\n<meta property=\"og:url\" content=\"http:\/\/cc-hsam.fr\/index.php\/lintercommunalite-2\/\" \/>\n<meta property=\"og:site_name\" content=\"CCHSAM\" \/>\n<meta property=\"article:modified_time\" content=\"2022-02-15T15:07:04+00:00\" \/>\n<meta property=\"og:image\" content=\"http:\/\/cc-hsam.fr\/wp-content\/uploads\/elementor\/thumbs\/MARTIN-Copie-ph0d2g9pio24jpr8z121m6h9k4ggze4b8hclmmiefo.jpg\" \/>\n<meta name=\"twitter:card\" content=\"summary_large_image\" \/>\n<meta name=\"twitter:label1\" content=\"Dur\u00e9e de lecture estim\u00e9e\" \/>\n\t<meta name=\"twitter:data1\" content=\"1 minute\" \/>\n<script type=\"application\/ld+json\" class=\"yoast-schema-graph\">{\"@context\":\"https:\\\/\\\/schema.org\",\"@graph\":[{\"@type\":\"WebPage\",\"@id\":\"http:\\\/\\\/cc-hsam.fr\\\/index.php\\\/lintercommunalite-2\\\/\",\"url\":\"http:\\\/\\\/cc-hsam.fr\\\/index.php\\\/lintercommunalite-2\\\/\",\"name\":\"L'intercommunalit\u00e9 - CCHSAM - Bienvenue sur le site officiel\",\"isPartOf\":{\"@id\":\"http:\\\/\\\/cc-hsam.fr\\\/#website\"},\"primaryImageOfPage\":{\"@id\":\"http:\\\/\\\/cc-hsam.fr\\\/index.php\\\/lintercommunalite-2\\\/#primaryimage\"},\"image\":{\"@id\":\"http:\\\/\\\/cc-hsam.fr\\\/index.php\\\/lintercommunalite-2\\\/#primaryimage\"},\"thumbnailUrl\":\"http:\\\/\\\/cc-hsam.fr\\\/wp-content\\\/uploads\\\/elementor\\\/thumbs\\\/MARTIN-Copie-ph0d2g9pio24jpr8z121m6h9k4ggze4b8hclmmiefo.jpg\",\"datePublished\":\"2021-08-30T16:38:42+00:00\",\"dateModified\":\"2022-02-15T15:07:04+00:00\",\"breadcrumb\":{\"@id\":\"http:\\\/\\\/cc-hsam.fr\\\/index.php\\\/lintercommunalite-2\\\/#breadcrumb\"},\"inLanguage\":\"fr-FR\",\"potentialAction\":[{\"@type\":\"ReadAction\",\"target\":[\"http:\\\/\\\/cc-hsam.fr\\\/index.php\\\/lintercommunalite-2\\\/\"]}]},{\"@type\":\"ImageObject\",\"inLanguage\":\"fr-FR\",\"@id\":\"http:\\\/\\\/cc-hsam.fr\\\/index.php\\\/lintercommunalite-2\\\/#primaryimage\",\"url\":\"http:\\\/\\\/cc-hsam.fr\\\/wp-content\\\/uploads\\\/elementor\\\/thumbs\\\/MARTIN-Copie-ph0d2g9pio24jpr8z121m6h9k4ggze4b8hclmmiefo.jpg\",\"contentUrl\":\"http:\\\/\\\/cc-hsam.fr\\\/wp-content\\\/uploads\\\/elementor\\\/thumbs\\\/MARTIN-Copie-ph0d2g9pio24jpr8z121m6h9k4ggze4b8hclmmiefo.jpg\"},{\"@type\":\"BreadcrumbList\",\"@id\":\"http:\\\/\\\/cc-hsam.fr\\\/index.php\\\/lintercommunalite-2\\\/#breadcrumb\",\"itemListElement\":[{\"@type\":\"ListItem\",\"position\":1,\"name\":\"Accueil\",\"item\":\"http:\\\/\\\/cc-hsam.fr\\\/\"},{\"@type\":\"ListItem\",\"position\":2,\"name\":\"L&#8217;intercommunalit\u00e9\"}]},{\"@type\":\"WebSite\",\"@id\":\"http:\\\/\\\/cc-hsam.fr\\\/#website\",\"url\":\"http:\\\/\\\/cc-hsam.fr\\\/\",\"name\":\"CCHSAM\",\"description\":\"Bienvenue sur le site officiel\",\"potentialAction\":[{\"@type\":\"SearchAction\",\"target\":{\"@type\":\"EntryPoint\",\"urlTemplate\":\"http:\\\/\\\/cc-hsam.fr\\\/?s={search_term_string}\"},\"query-input\":{\"@type\":\"PropertyValueSpecification\",\"valueRequired\":true,\"valueName\":\"search_term_string\"}}],\"inLanguage\":\"fr-FR\"}]}<\/script>\n<!-- \/ Yoast SEO plugin. -->","yoast_head_json":{"title":"L'intercommunalit\u00e9 - CCHSAM - Bienvenue sur le site officiel","robots":{"index":"index","follow":"follow","max-snippet":"max-snippet:-1","max-image-preview":"max-image-preview:large","max-video-preview":"max-video-preview:-1"},"canonical":"http:\/\/cc-hsam.fr\/index.php\/lintercommunalite-2\/","og_locale":"fr_FR","og_type":"article","og_title":"L'intercommunalit\u00e9 - CCHSAM - Bienvenue sur le site officiel","og_description":"L&#8217;intercommunalit\u00e9 Mot du Pr\u00e9sident Territoire Comp\u00e9tences CCHSAM 0 Communes 0 Habitants","og_url":"http:\/\/cc-hsam.fr\/index.php\/lintercommunalite-2\/","og_site_name":"CCHSAM","article_modified_time":"2022-02-15T15:07:04+00:00","og_image":[{"url":"http:\/\/cc-hsam.fr\/wp-content\/uploads\/elementor\/thumbs\/MARTIN-Copie-ph0d2g9pio24jpr8z121m6h9k4ggze4b8hclmmiefo.jpg","type":"","width":"","height":""}],"twitter_card":"summary_large_image","twitter_misc":{"Dur\u00e9e de lecture estim\u00e9e":"1 minute"},"schema":{"@context":"https:\/\/schema.org","@graph":[{"@type":"WebPage","@id":"http:\/\/cc-hsam.fr\/index.php\/lintercommunalite-2\/","url":"http:\/\/cc-hsam.fr\/index.php\/lintercommunalite-2\/","name":"L'intercommunalit\u00e9 - CCHSAM - Bienvenue sur le site officiel","isPartOf":{"@id":"http:\/\/cc-hsam.fr\/#website"},"primaryImageOfPage":{"@id":"http:\/\/cc-hsam.fr\/index.php\/lintercommunalite-2\/#primaryimage"},"image":{"@id":"http:\/\/cc-hsam.fr\/index.php\/lintercommunalite-2\/#primaryimage"},"thumbnailUrl":"http:\/\/cc-hsam.fr\/wp-content\/uploads\/elementor\/thumbs\/MARTIN-Copie-ph0d2g9pio24jpr8z121m6h9k4ggze4b8hclmmiefo.jpg","datePublished":"2021-08-30T16:38:42+00:00","dateModified":"2022-02-15T15:07:04+00:00","breadcrumb":{"@id":"http:\/\/cc-hsam.fr\/index.php\/lintercommunalite-2\/#breadcrumb"},"inLanguage":"fr-FR","potentialAction":[{"@type":"ReadAction","target":["http:\/\/cc-hsam.fr\/index.php\/lintercommunalite-2\/"]}]},{"@type":"ImageObject","inLanguage":"fr-FR","@id":"http:\/\/cc-hsam.fr\/index.php\/lintercommunalite-2\/#primaryimage","url":"http:\/\/cc-hsam.fr\/wp-content\/uploads\/elementor\/thumbs\/MARTIN-Copie-ph0d2g9pio24jpr8z121m6h9k4ggze4b8hclmmiefo.jpg","contentUrl":"http:\/\/cc-hsam.fr\/wp-content\/uploads\/elementor\/thumbs\/MARTIN-Copie-ph0d2g9pio24jpr8z121m6h9k4ggze4b8hclmmiefo.jpg"},{"@type":"BreadcrumbList","@id":"http:\/\/cc-hsam.fr\/index.php\/lintercommunalite-2\/#breadcrumb","itemListElement":[{"@type":"ListItem","position":1,"name":"Accueil","item":"http:\/\/cc-hsam.fr\/"},{"@type":"ListItem","position":2,"name":"L&#8217;intercommunalit\u00e9"}]},{"@type":"WebSite","@id":"http:\/\/cc-hsam.fr\/#website","url":"http:\/\/cc-hsam.fr\/","name":"CCHSAM","description":"Bienvenue sur le site officiel","potentialAction":[{"@type":"SearchAction","target":{"@type":"EntryPoint","urlTemplate":"http:\/\/cc-hsam.fr\/?s={search_term_string}"},"query-input":{"@type":"PropertyValueSpecification","valueRequired":true,"valueName":"search_term_string"}}],"inLanguage":"fr-FR"}]}},"acf":[],"_links":{"self":[{"href":"https:\/\/cc-hsam.fr\/index.php\/wp-json\/wp\/v2\/pages\/6866","targetHints":{"allow":["GET"]}}],"collection":[{"href":"https:\/\/cc-hsam.fr\/index.php\/wp-json\/wp\/v2\/pages"}],"about":[{"href":"https:\/\/cc-hsam.fr\/index.php\/wp-json\/wp\/v2\/types\/page"}],"author":[{"embeddable":true,"href":"https:\/\/cc-hsam.fr\/index.php\/wp-json\/wp\/v2\/users\/1"}],"replies":[{"embeddable":true,"href":"https:\/\/cc-hsam.fr\/index.php\/wp-json\/wp\/v2\/comments?post=6866"}],"version-history":[{"count":34,"href":"https:\/\/cc-hsam.fr\/index.php\/wp-json\/wp\/v2\/pages\/6866\/revisions"}],"predecessor-version":[{"id":8094,"href":"https:\/\/cc-hsam.fr\/index.php\/wp-json\/wp\/v2\/pages\/6866\/revisions\/8094"}],"wp:attachment":[{"href":"https:\/\/cc-hsam.fr\/index.php\/wp-json\/wp\/v2\/media?parent=6866"}],"curies":[{"name":"wp","href":"https:\/\/api.w.org\/{rel}","templated":true}]}}